emainder when 424 is divided by 6.
4
Calculate the remainder when 2089 is divided by 23.
19
Calculate the remainder when 197 is divided by 37.
12
Calculate the remainder when 592 is divided by 121.
108
Calculate the remainder when 164 is divided by 83.
81
Calculate the remainder when 1103 is divided by 1078.
25
Calculate the remainder when 479 is divided by 113.
27
What is the remainder when 69 is divided by 44?
25
Calculate the remainder when 300 is divided by 101.
98
What is the remainder when 881 is divided by 328?
225
Calculate the remainder when 19 is divided by 2.
1
Calculate the remainder when 825 is divided by 166.
161
What is the remainder when 549 is divided by 112?
101
What is the remainder when 385 is divided by 30?
25
What is the remainder when 288 is divided by 281?
7
What is the remainder when 209 is divided by 63?
20
Calculate the remainder when 53 is divided by 25.
3
What is the remainder when 56 is divided by 5?
1
What is the remainder when 10505 is divided by 30?
5
What is the remainder when 637 is divided by 84?
49
What is the remainder when 526 is divided by 59?
54
Calculate the remainder when 1054 is divided by 31.
0
What is the remainder when 640 is divided by 134?
104
What is the remainder when 2465 is divided by 13?
8
What is the remainder when 151 is divided by 14?
11
Calculate the remainder when 132 is divided by 48.
36
Calculate the remainder when 15 is divided by 8.
7
Calculate the remainder when 633 is divided by 208.
9
What is the remainder when 2362 is divided by 5?
2
Calculate the remainder when 410 is divided by 69.
65
Calculate the remainder when 85 is divided by 67.
18
What is the remainder when 1529 is divided by 20?
9
What is the remainder when 458 is divided by 20?
18
Calculate the remainder when 1877 is divided by 1846.
31
Calculate the remainder when 625 is divided by 19.
17
Calculate the remainder when 1879 is divided by 90.
79
What is the remainder when 133 is divided by 38?
19
What is the remainder when 225 is divided by 24?
9
What is the remainder when 218 is divided by 55?
53
What is the remainder when 108 is divided by 74?
34
What is the remainder when 4797 is divided by 24?
21
What is the remainder when 737 is divided by 14?
9
What is the remainder when 387 is divided by 127?
6
Calculate the remainder when 2060 is divided by 86.
82
What is the remainder when 223 is divided by 54?
7
What is the remainder when 215 is divided by 29?
12
Calculate the remainder when 117 is divided by 11.
7
Calculate the remainder when 1288 is divided by 348.
244
Calculate the remainder when 334 is divided by 326.
8
What is the remainder when 245 is divided by 36?
29
Calculate the remainder when 134 is divided by 97.
37
Calculate the remainder when 588 is divided by 14.
0
Calculate the remainder when 888 is divided by 89.
87
Calculate the remainder when 104 is divided by 30.
14
Calculate the remainder when 365 is divided by 8.
5
What is the remainder when 2748 is divided by 51?
45
What is the remainder when 609 is divided by 420?
189
What is the remainder when 485 is divided by 106?
61
What is the remainder when 881 is divided by 881?
0
Calculate the remainder when 139 is divided by 66.
7
What is the remainder when 100 is divided by 8?
4
Calculate the remainder when 70 is divided by 11.
4
What is the remainder when 227 is divided by 11?
7
Calculate the remainder when 1482 is divided by 11.
8
What is the remainder when 281 is divided by 11?
6
Calculate the remainder when 481 is divided by 4.
1
Calculate the remainder when 245 is divided by 19.
17
What is the remainder when 588 is divided by 31?
30
What is the remainder when 719 is divided by 13?
4
Calculate the remainder when 79 is divided by 15.
4
What is the remainder when 1165 is divided by 146?
143
What is the remainder when 1025 is divided by 504?
17
What is the remainder when 123 is divided by 92?
31
What is the remainder when 101 is divided by 59?
42
Calculate the remainder when 1035 is divided by 7.
6
What is the remainder when 338 is divided by 90?
68
Calculate the remainder when 182 is divided by 63.
56
What is the remainder when 435 is divided by 22?
17
What is the remainder when 177 is divided by 54?
15
What is the remainder when 750 is divided by 82?
12
What is the remainder when 378 is divided by 67?
43
What is the remainder when 200 is divided by 39?
5
What is the remainder when 349 is divided by 23?
4
Calculate the remainder when 121 is divided by 31.
28
What is the remainder when 135 is divided by 29?
19
What is the remainder when 23 is divided by 8?
7
Calculate the remainder when 4011 is divided by 118.
117
Calculate the remainder when 251 is divided by 124.
3
What is the remainder when 283 is divided by 22?
19
Calculate the remainder when 4931 is divided by 137.
136
Calculate the remainder when 67 is divided by 7.
4
Calculate the remainder when 220 is divided by 79.
62
What is the remainder when 621 is divided by 78?
75
What is the remainder when 1027 is divided by 508?
11
What is the remainder when 5424 is divided by 14?
6
What is the remainder when 1118 is divided by 59?
56
Calculate the remainder when 278 is divided by 93.
92
What is the remainder when 276 is divided by 35?
31
Calculate the remainder when 31 is divided by 20.
11
What is the remainder when 673 is divided by 223?
4
What is the remainder when 176 is divided by 27?
14
What is the remainder when 372 is divided by 132?
108
Calculate the remainder when 49 is divided by 42.
7
Calculate the remainder when 1042 is divided by 350.
342
What is the remainder when 282 is divided by 77?
51
What is the remainder when 402 is divided by 150?
102
What is the remainder when 59 is divided by 36?
23
Calculate the remainder when 159 is divided by 37.
11
What is the remainder when 536 is divided by 27?
23
Calculate the remainder when 46 is divided by 31.
15
What is the remainder when 571 is divided by 285?
1
What is the remainder when 296 is divided by 33?
32
Calculate the remainder when 130 is divided by 12.
10
Calculate the remainder when 46 is divided by 21.
4
Calculate the remainder when 77 is divided by 50.
27
Calculate the remainder when 35 is divided by 19.
16
Calculate the remainder when 6108 is divided by 149.
148
Calculate the remainder when 1219 is divided by 37.
35
Calculate the remainder when 59 is divided by 35.
24
What is the remainder when 213 is divided by 70?
3
What is the remainder when 529 is divided by 4?
1
What is the remainder when 21757 is divided by 170?
167
What is the remainder when 459 is divided by 14?
11
What is the remainder when 822 is divided by 477?
345
Calculate the remainder when 105 is divided by 20.
5
What is the remainder when 1186 is divided by 57?
46
What is the remainder when 261 is divided by 115?
31
What is the remainder when 3582 is divided by 32?
30
What is the remainder when 599 is divided by 8?
7
What is the remainder when 1519 is divided by 503?
10
Calculate the remainder when 3043 is divided by 29.
27
Calculate the remainder when 455 is divided by 107.
27
Calculate the remainder when 1072 is divided by 25.
22
What is the remainder when 2473 is divided by 1236?
1
Calculate the remainder when 2671 is divided by 9.
7
What is the remainder when 143 is divided by 7?
3
Calculate the remainder when 179 is divided by 19.
8
Calculate the remainder when 421 is divided by 53.
50
What is the remainder when 132 is divided by 61?
10
What is the remainder when 83 is divided by 43?
40
What is the remainder when 3644 is divided by 4?
0
Calculate the remainder when 574 is divided by 71.
6
Calculate the remainder when 11523 is divided by 43.
42
What is the remainder when 177 is divided by 49?
30
What is the remainder when 271 is divided by 66?
7
Calculate the remainder when 582 is divided by 81.
15
Calculate the remainder when 12 is divided by 9.
3
What is the remainder when 950 is divided by 933?
17
What is the remainder when 2759 is divided by 56?
15
What is the remainder when 663 is divided by 217?
12
What is the remainder when 178 is divided by 27?
16
Calculate the remainder when 8574 is divided by 175.
174
Calculate the remainder when 653 is divided by 60.
53
What is the remainder when 37 is divided by 28?
9
Calculate the remainder when 689 is divided by 17.
9
What